{"id":843,"date":"2025-08-17T21:59:30","date_gmt":"2025-08-17T21:59:30","guid":{"rendered":"https:\/\/edubolivia.org\/?page_id=843"},"modified":"2025-08-17T22:42:32","modified_gmt":"2025-08-17T22:42:32","slug":"apoyo-y-pasantia","status":"publish","type":"page","link":"https:\/\/edubolivia.org\/?page_id=843","title":{"rendered":"Apoyo y Pasant\u00eda"},"content":{"rendered":"\n<p id=\"block-872c34c4-4e3c-4608-8eed-67f7167d50db\">El \u00c1rea de Educaci\u00f3n cuenta con apoyo y pasant\u00eda compuesta por por cuatro personas:<\/p>\n\n\n\n<figure class=\"wp-block-table is-style-stripes\"><table class=\"has-fixed-layout\"><tbody><tr><td><img loading=\"lazy\" decoding=\"async\" width=\"150\" height=\"232\" class=\"wp-image-844\" style=\"width: 150px;\" src=\"https:\/\/edubolivia.org\/wp-content\/uploads\/2025\/08\/Credencial2025-Mildred-ANVERSO1.png\" alt=\"\" srcset=\"https:\/\/edubolivia.org\/wp-content\/uploads\/2025\/08\/Credencial2025-Mildred-ANVERSO1.png 650w, https:\/\/edubolivia.org\/wp-content\/uploads\/2025\/08\/Credencial2025-Mildred-ANVERSO1-194x300.png 194w\" sizes=\"auto, (max-width: 150px) 100vw, 150px\" \/><\/td><td><img loading=\"lazy\" decoding=\"async\" width=\"150\" height=\"232\" class=\"wp-image-845\" style=\"width: 150px;\" src=\"https:\/\/edubolivia.org\/wp-content\/uploads\/2025\/08\/Credencial2025-Juan-Marcos-ANV.png\" alt=\"\" srcset=\"https:\/\/edubolivia.org\/wp-content\/uploads\/2025\/08\/Credencial2025-Juan-Marcos-ANV.png 650w, https:\/\/edubolivia.org\/wp-content\/uploads\/2025\/08\/Credencial2025-Juan-Marcos-ANV-194x300.png 194w\" sizes=\"auto, (max-width: 150px) 100vw, 150px\" \/><\/td><td><img loading=\"lazy\" decoding=\"async\" width=\"150\" height=\"232\" class=\"wp-image-846\" style=\"width: 150px;\" src=\"https:\/\/edubolivia.org\/wp-content\/uploads\/2025\/08\/Credencial2025-Juan-CarlosANV.png\" alt=\"\" srcset=\"https:\/\/edubolivia.org\/wp-content\/uploads\/2025\/08\/Credencial2025-Juan-CarlosANV.png 650w, https:\/\/edubolivia.org\/wp-content\/uploads\/2025\/08\/Credencial2025-Juan-CarlosANV-194x300.png 194w\" sizes=\"auto, (max-width: 150px) 100vw, 150px\" \/><\/td><td><img loading=\"lazy\" decoding=\"async\" width=\"150\" height=\"232\" class=\"wp-image-852\" style=\"width: 150px;\" src=\"https:\/\/edubolivia.org\/wp-content\/uploads\/2025\/08\/Credencial2025-Rafael-ANV-1.png\" alt=\"\" srcset=\"https:\/\/edubolivia.org\/wp-content\/uploads\/2025\/08\/Credencial2025-Rafael-ANV-1.png 650w, https:\/\/edubolivia.org\/wp-content\/uploads\/2025\/08\/Credencial2025-Rafael-ANV-1-194x300.png 194w\" sizes=\"auto, (max-width: 150px) 100vw, 150px\" \/><\/td><\/tr><\/tbody><\/table><\/figure>\n","protected":false},"excerpt":{"rendered":"<p class=\"text-justify mb-2\" >El \u00c1rea de Educaci\u00f3n cuenta con apoyo y pasant\u00eda compuesta por por cuatro personas:<\/p>\n","protected":false},"author":1,"featured_media":0,"parent":0,"menu_order":0,"comment_status":"closed","ping_status":"closed","template":"","meta":{"footnotes":""},"class_list":["post-843","page","type-page","status-publish","hentry"],"_links":{"self":[{"href":"https:\/\/edubolivia.org\/index.php?rest_route=\/wp\/v2\/pages\/843","targetHints":{"allow":["GET"]}}],"collection":[{"href":"https:\/\/edubolivia.org\/index.php?rest_route=\/wp\/v2\/pages"}],"about":[{"href":"https:\/\/edubolivia.org\/index.php?rest_route=\/wp\/v2\/types\/page"}],"author":[{"embeddable":true,"href":"https:\/\/edubolivia.org\/index.php?rest_route=\/wp\/v2\/users\/1"}],"replies":[{"embeddable":true,"href":"https:\/\/edubolivia.org\/index.php?rest_route=%2Fwp%2Fv2%2Fcomments&post=843"}],"version-history":[{"count":4,"href":"https:\/\/edubolivia.org\/index.php?rest_route=\/wp\/v2\/pages\/843\/revisions"}],"predecessor-version":[{"id":894,"href":"https:\/\/edubolivia.org\/index.php?rest_route=\/wp\/v2\/pages\/843\/revisions\/894"}],"wp:attachment":[{"href":"https:\/\/edubolivia.org\/index.php?rest_route=%2Fwp%2Fv2%2Fmedia&parent=843"}],"curies":[{"name":"wp","href":"https:\/\/api.w.org\/{rel}","templated":true}]}}