{"id":337,"date":"2024-02-07T20:29:06","date_gmt":"2024-02-07T20:29:06","guid":{"rendered":"https:\/\/edubolivia.org\/?page_id=337"},"modified":"2024-02-07T20:30:57","modified_gmt":"2024-02-07T20:30:57","slug":"cobertura-y-estadistica","status":"publish","type":"page","link":"https:\/\/edubolivia.org\/?page_id=337","title":{"rendered":"Cobertura"},"content":{"rendered":"\n<figure class=\"wp-block-image size-full\"><img loading=\"lazy\" decoding=\"async\" width=\"995\" height=\"844\" src=\"https:\/\/edubolivia.org\/wp-content\/uploads\/2024\/02\/Cobertura-2020.png\" alt=\"\" class=\"wp-image-338\" srcset=\"https:\/\/edubolivia.org\/wp-content\/uploads\/2024\/02\/Cobertura-2020.png 995w, https:\/\/edubolivia.org\/wp-content\/uploads\/2024\/02\/Cobertura-2020-300x254.png 300w, https:\/\/edubolivia.org\/wp-content\/uploads\/2024\/02\/Cobertura-2020-768x651.png 768w\" sizes=\"auto, (max-width: 995px) 100vw, 995px\" \/><\/figure>\n\n\n\n<p>El \u00c1rea de Educaci\u00f3n ampl\u00eda la extensi\u00f3n de sus servicios y profundiza la b\u00fasqueda de calidad y resultados a trav\u00e9s del trabajo y participaci\u00f3n de las Delegaciones Jurisdiccionales conformando las Comunidades Educativas de la Iglesia Local.<\/p>\n\n\n\n<p>El trabajo en Educaci\u00f3n Regular, Alternativa, Especial y Superior, se hace patente en las Obras de Fe y Alegr\u00eda, Escuelas Populares Don Bosco, Escuelas de Cristo, Escuelas Parroquiales, Escuelas Populares La Salle, Josefina B\u00e1lsamo, Hombres Nuevos, Centros de Educaci\u00f3n Alternativa, Centros de Multiservicios Educativos, Red FERIA, Universidades Cat\u00f3licas y otros.<\/p>\n\n\n\n<p><\/p>\n","protected":false},"excerpt":{"rendered":"<p class=\"text-justify mb-2\" >El \u00c1rea de Educaci\u00f3n ampl\u00eda la extensi\u00f3n de sus servicios y profundiza la b\u00fasqueda de calidad y resultados a trav\u00e9s del trabajo y participaci\u00f3n de las Delegaciones Jurisdiccionales conformando las Comunidades Educativas de la Iglesia Local. El trabajo en Educaci\u00f3n Regular, Alternativa, Especial y Superior, [&hellip;]<\/p>\n","protected":false},"author":1,"featured_media":0,"parent":0,"menu_order":0,"comment_status":"closed","ping_status":"closed","template":"","meta":{"footnotes":""},"class_list":["post-337","page","type-page","status-publish","hentry"],"_links":{"self":[{"href":"https:\/\/edubolivia.org\/index.php?rest_route=\/wp\/v2\/pages\/337","targetHints":{"allow":["GET"]}}],"collection":[{"href":"https:\/\/edubolivia.org\/index.php?rest_route=\/wp\/v2\/pages"}],"about":[{"href":"https:\/\/edubolivia.org\/index.php?rest_route=\/wp\/v2\/types\/page"}],"author":[{"embeddable":true,"href":"https:\/\/edubolivia.org\/index.php?rest_route=\/wp\/v2\/users\/1"}],"replies":[{"embeddable":true,"href":"https:\/\/edubolivia.org\/index.php?rest_route=%2Fwp%2Fv2%2Fcomments&post=337"}],"version-history":[{"count":2,"href":"https:\/\/edubolivia.org\/index.php?rest_route=\/wp\/v2\/pages\/337\/revisions"}],"predecessor-version":[{"id":342,"href":"https:\/\/edubolivia.org\/index.php?rest_route=\/wp\/v2\/pages\/337\/revisions\/342"}],"wp:attachment":[{"href":"https:\/\/edubolivia.org\/index.php?rest_route=%2Fwp%2Fv2%2Fmedia&parent=337"}],"curies":[{"name":"wp","href":"https:\/\/api.w.org\/{rel}","templated":true}]}}