{"id":312,"date":"2024-02-07T18:38:11","date_gmt":"2024-02-07T18:38:11","guid":{"rendered":"https:\/\/edubolivia.org\/?page_id=312"},"modified":"2025-08-17T21:46:16","modified_gmt":"2025-08-17T21:46:16","slug":"quienes-somos","status":"publish","type":"page","link":"https:\/\/edubolivia.org\/?page_id=312","title":{"rendered":"\u00bfQui\u00e9nes somos?"},"content":{"rendered":"\n<p>El \u00c1rea de Educaci\u00f3n, fundada con el nombre de Comisi\u00f3n Episcopal de Educaci\u00f3n el 2 de febrero de 1970, es el \u00f3rgano de la Conferencia Episcopal Boliviana que representa y coordina los servicios educativos que brinda la Iglesia Cat\u00f3lica al pa\u00eds, y desarrolla acciones de investigaci\u00f3n, fortalecimiento y acompa\u00f1amiento de la educaci\u00f3n nacional.<\/p>\n\n\n\n<blockquote class=\"wp-block-quote is-layout-flow wp-block-quote-is-layout-flow\">\n<p>El \u00c1rea de Educaci\u00f3n trabaja para ser el referente a nivel nacional de la promoci\u00f3n de crecimiento integral y digno de los seres humanos a trav\u00e9s de servicios educativos de calidad basados en valores evang\u00e9licos.<\/p>\n<\/blockquote>\n\n\n\n<p>Actualmente el \u00e1rea de educaci\u00f3n est\u00e1 compuesta por tres personas:<\/p>\n\n\n\n<figure class=\"wp-block-table is-style-stripes\"><table class=\"has-fixed-layout\"><tbody><tr><td><img loading=\"lazy\" decoding=\"async\" width=\"150\" height=\"150\" class=\"wp-image-837\" style=\"width: 150px;\" src=\"https:\/\/edubolivia.org\/wp-content\/uploads\/2025\/08\/JORGE-FERNANDEZ-150x150-1.jpg\" alt=\"\" srcset=\"https:\/\/edubolivia.org\/wp-content\/uploads\/2025\/08\/JORGE-FERNANDEZ-150x150-1.jpg 150w, https:\/\/edubolivia.org\/wp-content\/uploads\/2025\/08\/JORGE-FERNANDEZ-150x150-1-122x122.jpg 122w\" sizes=\"auto, (max-width: 150px) 100vw, 150px\" \/><\/td><td><strong>Jorge Mart\u00edn Fernandez Carrasco<\/strong><br><strong>Profesi\u00f3n: Lic. en Filosof\u00eda y Letras, Teolog\u00eda, Ciencias de la Educaci\u00f3n<\/strong><br><strong>Cargo o Servicio pastoral: Secretario Ejecutivo AED<\/strong><br><strong>Interno telef\u00f3nico: 169<\/strong><br><strong>Correo Electr\u00f3nico Institucional: areadeeducacion.ceb@gmail.com<\/strong><\/td><\/tr><tr><td><img loading=\"lazy\" decoding=\"async\" width=\"150\" height=\"150\" class=\"wp-image-838\" style=\"width: 150px;\" src=\"https:\/\/edubolivia.org\/wp-content\/uploads\/2025\/08\/JULIO-CESAR-1024x1024-1.jpg\" alt=\"\" srcset=\"https:\/\/edubolivia.org\/wp-content\/uploads\/2025\/08\/JULIO-CESAR-1024x1024-1.jpg 1024w, https:\/\/edubolivia.org\/wp-content\/uploads\/2025\/08\/JULIO-CESAR-1024x1024-1-300x300.jpg 300w, https:\/\/edubolivia.org\/wp-content\/uploads\/2025\/08\/JULIO-CESAR-1024x1024-1-150x150.jpg 150w, https:\/\/edubolivia.org\/wp-content\/uploads\/2025\/08\/JULIO-CESAR-1024x1024-1-768x768.jpg 768w, https:\/\/edubolivia.org\/wp-content\/uploads\/2025\/08\/JULIO-CESAR-1024x1024-1-122x122.jpg 122w\" sizes=\"auto, (max-width: 150px) 100vw, 150px\" \/><\/td><td><strong>Julio C\u00e9sar Su\u00e1rez S\u00e1nchez<\/strong><br><strong>Profesi\u00f3n: Lic. en Ingenier\u00eda Inform\u00e1tica y Sistemas<\/strong><br><strong>Cargo o Servicio pastoral: T\u00e9cnico en Monitoreo y Gesti\u00f3n del Conocimiento de los Proyectos<\/strong><br><strong>Interno telef\u00f3nico: 169<\/strong><br><strong>Correo Electr\u00f3nico Institucional: areadeeducacion.ceb@gmail.com<\/strong><\/td><\/tr><tr><td><img loading=\"lazy\" decoding=\"async\" width=\"150\" height=\"150\" class=\"wp-image-839\" style=\"width: 150px;\" src=\"https:\/\/edubolivia.org\/wp-content\/uploads\/2025\/08\/laura-fernandez-150x150-1.webp\" alt=\"\" srcset=\"https:\/\/edubolivia.org\/wp-content\/uploads\/2025\/08\/laura-fernandez-150x150-1.webp 150w, https:\/\/edubolivia.org\/wp-content\/uploads\/2025\/08\/laura-fernandez-150x150-1-122x122.webp 122w\" sizes=\"auto, (max-width: 150px) 100vw, 150px\" \/><\/td><td><strong>Laura Fern\u00e1ndez Choque<\/strong><br><strong>Profesi\u00f3n: Lic. en Ciencias de la Educaci\u00f3n<\/strong><br><strong>Cargo o Servicio pastoral: T\u00e9cnico Pedag\u00f3gico del \u00c1rea\u00a0de\u00a0Educaci\u00f3n<\/strong><br><strong>Interno telef\u00f3nico: 169<\/strong><br><strong>Correo Electr\u00f3nico Institucional: areadeeducacion.ceb@gmail.com<\/strong><\/td><\/tr><\/tbody><\/table><\/figure>\n","protected":false},"excerpt":{"rendered":"<p class=\"text-justify mb-2\" >El \u00c1rea de Educaci\u00f3n, fundada con el nombre de Comisi\u00f3n Episcopal de Educaci\u00f3n el 2 de febrero de 1970, es el \u00f3rgano de la Conferencia Episcopal Boliviana que representa y coordina los servicios educativos que brinda la Iglesia Cat\u00f3lica al pa\u00eds, y desarrolla acciones de [&hellip;]<\/p>\n","protected":false},"author":1,"featured_media":0,"parent":0,"menu_order":0,"comment_status":"closed","ping_status":"closed","template":"","meta":{"footnotes":""},"class_list":["post-312","page","type-page","status-publish","hentry"],"_links":{"self":[{"href":"https:\/\/edubolivia.org\/index.php?rest_route=\/wp\/v2\/pages\/312","targetHints":{"allow":["GET"]}}],"collection":[{"href":"https:\/\/edubolivia.org\/index.php?rest_route=\/wp\/v2\/pages"}],"about":[{"href":"https:\/\/edubolivia.org\/index.php?rest_route=\/wp\/v2\/types\/page"}],"author":[{"embeddable":true,"href":"https:\/\/edubolivia.org\/index.php?rest_route=\/wp\/v2\/users\/1"}],"replies":[{"embeddable":true,"href":"https:\/\/edubolivia.org\/index.php?rest_route=%2Fwp%2Fv2%2Fcomments&post=312"}],"version-history":[{"count":4,"href":"https:\/\/edubolivia.org\/index.php?rest_route=\/wp\/v2\/pages\/312\/revisions"}],"predecessor-version":[{"id":842,"href":"https:\/\/edubolivia.org\/index.php?rest_route=\/wp\/v2\/pages\/312\/revisions\/842"}],"wp:attachment":[{"href":"https:\/\/edubolivia.org\/index.php?rest_route=%2Fwp%2Fv2%2Fmedia&parent=312"}],"curies":[{"name":"wp","href":"https:\/\/api.w.org\/{rel}","templated":true}]}}

¿Quiénes somos?

<p>El Área de Educación, fundada con el nombre de Comisión Episcopal de Educación el 2 de febrero de 1970, es el órgano de la Conferencia Episcopal Boliviana que representa y coordina los servicios educativos que brinda la Iglesia Católica al país, y desarrolla acciones de investigación, fortalecimiento y acompañamiento de la educación nacional.</p>



<blockquote class="wp-block-quote is-layout-flow wp-block-quote-is-layout-flow">
<p>El Área de Educación trabaja para ser el referente a nivel nacional de la promoción de crecimiento integral y digno de los seres humanos a través de servicios educativos de calidad basados en valores evangélicos.</p>
</blockquote>



<p>Actualmente el área de educación está compuesta por tres personas:</p>



<figure class="wp-block-table is-style-stripes"><table class="has-fixed-layout"><tbody><tr><td><img loading="lazy" decoding="async" width="150" height="150" class="wp-image-837" style="width: 150px;" src="https://edubolivia.org/wp-content/uploads/2025/08/JORGE-FERNANDEZ-150x150-1.jpg" alt="" srcset="https://edubolivia.org/wp-content/uploads/2025/08/JORGE-FERNANDEZ-150x150-1.jpg 150w, https://edubolivia.org/wp-content/uploads/2025/08/JORGE-FERNANDEZ-150x150-1-122x122.jpg 122w" sizes="auto, (max-width: 150px) 100vw, 150px" /></td><td><strong>Jorge Martín Fernandez Carrasco</strong><br><strong>Profesión: Lic. en Filosofía y Letras, Teología, Ciencias de la Educación</strong><br><strong>Cargo o Servicio pastoral: Secretario Ejecutivo AED</strong><br><strong>Interno telefónico: 169</strong><br><strong>Correo Electrónico Institucional: areadeeducacion.ceb@gmail.com</strong></td></tr><tr><td><img loading="lazy" decoding="async" width="150" height="150" class="wp-image-838" style="width: 150px;" src="https://edubolivia.org/wp-content/uploads/2025/08/JULIO-CESAR-1024x1024-1.jpg" alt="" srcset="https://edubolivia.org/wp-content/uploads/2025/08/JULIO-CESAR-1024x1024-1.jpg 1024w, https://edubolivia.org/wp-content/uploads/2025/08/JULIO-CESAR-1024x1024-1-300x300.jpg 300w, https://edubolivia.org/wp-content/uploads/2025/08/JULIO-CESAR-1024x1024-1-150x150.jpg 150w, https://edubolivia.org/wp-content/uploads/2025/08/JULIO-CESAR-1024x1024-1-768x768.jpg 768w, https://edubolivia.org/wp-content/uploads/2025/08/JULIO-CESAR-1024x1024-1-122x122.jpg 122w" sizes="auto, (max-width: 150px) 100vw, 150px" /></td><td><strong>Julio César Suárez Sánchez</strong><br><strong>Profesión: Lic. en Ingeniería Informática y Sistemas</strong><br><strong>Cargo o Servicio pastoral: Técnico en Monitoreo y Gestión del Conocimiento de los Proyectos</strong><br><strong>Interno telefónico: 169</strong><br><strong>Correo Electrónico Institucional: areadeeducacion.ceb@gmail.com</strong></td></tr><tr><td><img loading="lazy" decoding="async" width="150" height="150" class="wp-image-839" style="width: 150px;" src="https://edubolivia.org/wp-content/uploads/2025/08/laura-fernandez-150x150-1.webp" alt="" srcset="https://edubolivia.org/wp-content/uploads/2025/08/laura-fernandez-150x150-1.webp 150w, https://edubolivia.org/wp-content/uploads/2025/08/laura-fernandez-150x150-1-122x122.webp 122w" sizes="auto, (max-width: 150px) 100vw, 150px" /></td><td><strong>Laura Fernández Choque</strong><br><strong>Profesión: Lic. en Ciencias de la Educación</strong><br><strong>Cargo o Servicio pastoral: Técnico Pedagógico del Área de Educación</strong><br><strong>Interno telefónico: 169</strong><br><strong>Correo Electrónico Institucional: areadeeducacion.ceb@gmail.com</strong></td></tr></tbody></table></figure>

<p class="text-justify mb-2" >El Área de Educación, fundada con el nombre de Comisión Episcopal de Educación el 2 de febrero de 1970, es el órgano de la Conferencia Episcopal Boliviana que representa y coordina los servicios educativos que brinda la Iglesia Católica al país, y desarrolla acciones de [&hellip;]</p>
